lse
Is 13917899 a composite number?
True
Is 3780113 a composite number?
False
Is 63441085 a composite number?
True
Is 9540059 prime?
True
Is 191526169 a composite number?
False
Is 97294339 a prime number?
True
Is 2050997 composite?
True
Is 58773838 composite?
True
Is 608087 composite?
False
Is 1714129 composite?
True
Is 76632053 a composite number?
False
Is 21137153 composite?
False
Is 1537379 composite?
True
Is 24168787 composite?
True
Is 82625273 prime?
True
Is 628409 a prime number?
False
Is 71571923 a composite number?
False
Is 106628509 prime?
False
Is 21533257 a prime number?
True
Is 3280127 a composite number?
False
Is 14592629 a prime number?
True
Is 176364449 a prime number?
True
Is 187237 prime?
True
Is 1322141 prime?
False
Is 8816807 prime?
True
Is 44344015 prime?
False
Is 27331489 a composite number?
False
Is 163916587 a composite number?
False
Is 10284557 composite?
True
Is 31896863 a composite number?
False
Is 525260051 a prime number?
False
Is 697483 a composite number?
True
Is 86465527 a composite number?
False
Is 42076871 a composite number?
True
Is 10761811 composite?
True
Is 5618819 a prime number?
True
Is 11738153 composite?
True
Is 8543281 composite?
True
Is 116425685 a composite number?
True
Is 21072757 composite?
True
Is 763275527 composite?
True
Is 17997943 a prime number?
True
Is 318881711 a prime number?
True
Is 47942837 a prime number?
True
Is 11964923 prime?
False
Is 628282663 a prime number?
True
Is 375378943 prime?
True
Is 22872211 prime?
True
Is 8105254 composite?
True
Is 28966517 prime?
True
Is 5869135 a composite number?
True
Is 1476641 prime?
True
Is 221539 a composite number?
False
Is 2775061 a composite number?
True
Is 1235879 composite?
False
Is 381962767 prime?
True
Is 24722785 a prime number?
False
Is 179596751 a composite number?
False
Is 7548751 a prime number?
False
Is 7753379 prime?
False
Is 7184581 prime?
True
Is 40634207 prime?
True
Is 75446291 a prime number?
False
Is 182759246 prime?
False
Is 2041847 composite?
True
Is 39643447 composite?
True
Is 191117 prime?
False
Is 249432041 a prime number?
False
Is 17390431 a composite number?
False
Is 4518589 a composite number?
True
Is 2953859 prime?
True
Is 1708829 a composite number?
False
Is 31222513 a prime number?
False
Is 94526863 prime?
False
Is 57477443 a composite number?
False
Is 467073583 composite?
False
Is 214372883 prime?
True
Is 193980399 composite?
True
Is 2703653 prime?
True
Is 51346198 prime?
False
Is 718973 a prime number?
True
Is 17719671 a composite number?
True
Is 18411313 a composite number?
False
Is 2454209 a prime number?
True
Is 38817739 a composite number?
True
Is 879449 a prime number?
True
Is 5781131 prime?
True
Is 6539263 a prime number?
True
Is 93957151 prime?
False
Is 15708131 a composite number?
True
Is 4697753 a prime number?
True
Is 9341339 a prime number?
False
Is 4184087 prime?
True
Is 8119499 a composite number?
False
Is 150183823 composite?
False
Is 534847 composite?
True
Is 268193 a composite number?
True
Is 105401669 a composite number?
False
Is 20538109 a prime number?
True
Is 194465749 a prime number?
False
Is 5080451 a prime number?
True
Is 157357682 composite?
True
Is 19930991 prime?
True
Is 55819079 a composite number?
False
Is 28744661 composite?
True
Is 7931207 a composite number?
False
Is 27582557 prime?
True
Is 2147381 composite?
False
Is 65287003 a composite number?
False
Is 2841283 a composite number?
False
Is 10894187 prime?
False
Is 13785823 composite?
False
Is 2353697 a prime number?
True
Is 3695687 a composite number?
False
Is 41436709 composite?
True
Is 6856561 composite?
False
Is 2085599 prime?
True
Is 174433543 a composite number?
True
Is 6033157 prime?
False
Is 40889257 a composite number?
False
Is 1080119 a prime number?
True
Is 159389 prime?
True
Is 185961331 a composite number?
True
Is 725420249 prime?
False
Is 504611 a prime number?
False
Is 632747 a prime number?
True
Is 156060607 a composite number?
True
Is 2328761 a prime number?
True
Is 244853473 a prime number?
False
Is 91003481 a prime number?
False
Is 144180093 a prime number?
False
Is 54550243 prime?
False
Is 96973771 composite?
True
Is 19617263 a composite number?
False
Is 6510563 composite?
False
Is 108171641 prime?
False
Is 53526809 a prime number?
False
Is 19428338 a prime number?
False
Is 98725733 a prime number?
True
Is 4416893 a composite number?
True
Is 19071146 composite?
True
Is 649709 a composite number?
False
Is 149260387 a prime number?
False
Is 543929 prime?
True
Is 6401011 a composite number?
False
Is 46755993 a prime number?
False
Is 25889309 a composite number?
True
Is 8016923 a composite number?
False
Is 7414909 prime?
True
Is 3849137 composite?
False
Is 18982231 a composite number?
False
Is 22361099 composite?
True
Is 60196111 a prime number?
True
Is 2974957 a prime number?
False
Is 2765461 prime?
True
Is 39874741 prime?
False
Is 29275621 composite?
True
Is 5349301 composite?
True
Is 3989 composite?
False
Is 7689103 a composite number?
False
Is 10370267 prime?
False
Is 28605113 prime?
True
Is 4510477 composite?
False
Is 2757764787 composite?
True
Is 104609387 a prime number?
False
Is 389310751 a composite number?
True
Is 8617753 a composite number?
False
Is 79015071 composite?
True
Is 73959547 prime?
True
Is 4006957 composite?
False
Is 10805161 composite?
True
Is 42476633 a composite number?
False
Is 243537949 a prime number?
True
Is 7243247 prime?
False
Is 1078609 a composite number?
True
Is 14055473 prime?
True
Is 19412105 composite?
True
Is 213842689 composite?
False
Is 54448685 a prime number?
False
Is 45890563 a prime number?
False
Is 25308929 a composite number?
False
Is 16417637 a composite number?
False
Is 53174839 prime?
True
Is 532561 composite?
False
Is 1609969 a composite number?
False
Is 60937769 a prime number?
False
Is 7275887 a prime number?
False
Is 8085473 a prime number?
False
Is 103812169 prime?
False
Is 10536637 a prime number?
True
Is 4700161 prime?
True
Is 2575187 composite?
False
Is 34484467 a composite number?
False
Is 4779611 prime?
False
Is 124626407 a prime number?
True
Is 4857817 a prime number?
False
Is 5370163 a composite number?
False
Is 2524961 a prime number?
True
Is 97411427 a prime number?
False
Is 186101317 prime?
True
Is 21339463 a prime number?
True
Is 1363403 a prime number?
True
Is 107500981 a prime number?
False
Is 7037761 a prime number?
False
Is 36707509 prime?
False
Is 8007193 prime?
True
Is 33734419 composite?
True
Is 19195349 a prime number?
False
Is 185325163 prime?
True
Is 5864461 prime?
False
Is 18909757 prime?
True
Is 1088507 prime?
False
Is 97391571 prime?
False
Is 86699101 prime?
True
Is 53183371 prime?
False
Is 6157727 prime?
True
Is 13248583 a composite number?
False
Is 15901143 a prime number?
False
Is 43368841 a composite number?
False
Is 2319313 a prime number?
False
Is 50058157 a composite number?
False
Is 1698295 composite?
True
Is 18822569 prime?
True
Is 6721903 prime?
False
Is 3462743 a composite number?
False
Is 4680253 composite?
True
Is 22141117 prime?
True
Is 10301113 prime?
False
Is 291358093 a prime number?
False
Is 66446603 a composite number?
True
Is 289319 composite?
False
Is 9496313 composite?
False
Is 534173441 a prime number?
True
Is 23580169 a prime number?
True
Is 4566869 composite?
False
Is 1145971 a prime number?
True
Is 29464034 composite?
True
Is 22216801 a composite number?
True
Is 1523779 composite?
True
Is 2634451 composite?
True
Is 268142467 a prime number?
False
Is 68734931 a composite number?
True
Is 140387329 a prime number?
False
Is 8560217 a composite number?
False
Is 850529 composite?
False
Is 781197 a composite number?
True
Is 7604657 a composite number?
True
Is 77751151 prime?
True
Is 187398867 composite?
True
Is 3999019 a composite number?
True
Is 3540293 a composite number?
True
Is 108833293 a composite number?
False
Is 814447 a prime number?
True
Is 373763109 a composite number?
True
Is 146687777 composite?
False
Is 23964037 prime?
True
Is 94047593 composite?
True
Is 22138917 prime?
False
Is 70933927 a prime number?
False
Is 67281209 a prime number?
True
Is 481259 a composite number?
True
Is 129297227 prime?
True
Is 792637966 composite?
True
Is 40379323 prime?
True
Is 5539253 a prime number?
True
Is 4882771 a prime numb